{"id":298,"date":"2026-01-06T17:52:49","date_gmt":"2026-01-06T21:52:49","guid":{"rendered":"http:\/\/wpbilingual-staging.whc.ca\/?page_id=298"},"modified":"2026-01-10T16:56:18","modified_gmt":"2026-01-10T20:56:18","slug":"accueil","status":"publish","type":"page","link":"https:\/\/gybn.quebec\/accueil\/","title":{"rendered":"Accueil"},"content":{"rendered":"\t\t<div data-elementor-type=\"wp-post\" data-elementor-id=\"298\" class=\"elementor elementor-298\">\n\t\t\t\t\t\t<section class=\"elementor-section elementor-top-section elementor-element elementor-element-9a0e732 elementor-section-boxed elementor-section-height-default elementor-section-height-default\" data-id=\"9a0e732\" data-element_type=\"section\">\n\t\t\t\t\t\t<div class=\"elementor-container elementor-column-gap-wider\">\n\t\t\t\t\t<div class=\"elementor-column elementor-col-100 elementor-top-column elementor-element elementor-element-97759de\" data-id=\"97759de\" data-element_type=\"column\">\n\t\t\t<div class=\"elementor-widget-wrap elementor-element-populated\">\n\t\t\t\t\t\t<div class=\"elementor-element elementor-element-291acab elementor-widget elementor-widget-heading\" data-id=\"291acab\" data-element_type=\"widget\" data-widget_type=\"heading.default\">\n\t\t\t\t<div class=\"elementor-widget-container\">\n\t\t\t\t\t<h1 class=\"elementor-heading-title elementor-size-default\">R\u00e9seau qu\u00e9b\u00e9cois des jeunes pour la biodiversit\u00e9<\/h1>\t\t\t\t<\/div>\n\t\t\t\t<\/div>\n\t\t\t\t<div class=\"elementor-element elementor-element-a211d15 elementor-widget elementor-widget-image\" data-id=\"a211d15\" data-element_type=\"widget\" data-widget_type=\"image.default\">\n\t\t\t\t<div class=\"elementor-widget-container\">\n\t\t\t\t\t\t\t\t\t\t\t\t\t\t\t<img fetchpriority=\"high\" decoding=\"async\" width=\"1024\" height=\"451\" src=\"https:\/\/gybn.quebec\/wp-content\/uploads\/2026\/01\/GYBN-Quebec-Logo-Horizontal-1024x451.png\" class=\"attachment-large size-large wp-image-401\" alt=\"\" srcset=\"https:\/\/gybn.quebec\/wp-content\/uploads\/2026\/01\/GYBN-Quebec-Logo-Horizontal-1024x451.png 1024w, https:\/\/gybn.quebec\/wp-content\/uploads\/2026\/01\/GYBN-Quebec-Logo-Horizontal-300x132.png 300w, https:\/\/gybn.quebec\/wp-content\/uploads\/2026\/01\/GYBN-Quebec-Logo-Horizontal-768x338.png 768w, https:\/\/gybn.quebec\/wp-content\/uploads\/2026\/01\/GYBN-Quebec-Logo-Horizontal-1536x677.png 1536w, https:\/\/gybn.quebec\/wp-content\/uploads\/2026\/01\/GYBN-Quebec-Logo-Horizontal-2048x902.png 2048w\" sizes=\"(max-width: 1024px) 100vw, 1024px\" \/>\t\t\t\t\t\t\t\t\t\t\t\t\t\t\t<\/div>\n\t\t\t\t<\/div>\n\t\t\t\t\t<\/div>\n\t\t<\/div>\n\t\t\t\t\t<\/div>\n\t\t<\/section>\n\t\t\t\t<section class=\"elementor-section elementor-top-section elementor-element elementor-element-a7079b1 elementor-section-boxed elementor-section-height-default elementor-section-height-default\" data-id=\"a7079b1\" data-element_type=\"section\">\n\t\t\t\t\t\t<div class=\"elementor-container elementor-column-gap-default\">\n\t\t\t\t\t<div class=\"elementor-column elementor-col-100 elementor-top-column elementor-element elementor-element-7a17cf9\" data-id=\"7a17cf9\" data-element_type=\"column\">\n\t\t\t<div class=\"elementor-widget-wrap elementor-element-populated\">\n\t\t\t\t\t\t<div class=\"elementor-element elementor-element-2656aa5 elementor-widget elementor-widget-heading\" data-id=\"2656aa5\" data-element_type=\"widget\" data-widget_type=\"heading.default\">\n\t\t\t\t<div class=\"elementor-widget-container\">\n\t\t\t\t\t<h2 class=\"elementor-heading-title elementor-size-default\">Reconnaissance territoriale<\/h2>\t\t\t\t<\/div>\n\t\t\t\t<\/div>\n\t\t\t\t<div class=\"elementor-element elementor-element-1555f88 elementor-widget elementor-widget-text-editor\" data-id=\"1555f88\" data-element_type=\"widget\" data-widget_type=\"text-editor.default\">\n\t\t\t\t<div class=\"elementor-widget-container\">\n\t\t\t\t\t\t\t\t\t<p>Le R\u00e9seau qu\u00e9b\u00e9cois des jeunes pour la biodiversit\u00e9 reconna\u00eet que ses op\u00e9rations se situent sur les territoires de nombreuses nations autochtones, dont les Premi\u00e8res Nations, les Inuit et les M\u00e9tis, et que ces groupes ont historiquement \u00e9t\u00e9 exclus des espaces de prise de d\u00e9cision du gouvernement, en particulier en mati\u00e8re de gestion de l\u2019environnement et de la biodiversit\u00e9. Le R\u00e9seau s\u2019engage \u00e0 travailler en collaboration avec les peuples autochtones qui cohabitent sur la terre o\u00f9 est situ\u00e9 le Qu\u00e9bec et \u00e0 prioriser les relations avec les jeunes autochtones et leur int\u00e9gration dans ses op\u00e9rations pour cr\u00e9er un futur plus inclusif et repr\u00e9sentatif des enjeux de biodiversit\u00e9 au Qu\u00e9bec. Le R\u00e9seau s\u2019engage \u00e9galement \u00e0 reconna\u00eetre les savoirs traditionnels autochtones et leur importance pour comprendre et r\u00e9soudre les enjeux de biodiversit\u00e9 que nous affrontons. Le R\u00e9seau s\u2019engage \u00e0 consid\u00e9rer les appels \u00e0 l\u2019action de la Commission de v\u00e9rit\u00e9 et r\u00e9conciliation et les objectifs \u00e9tablis par la D\u00e9claration des Nations Unies sur les droits des peuples autochtones.<\/p>\t\t\t\t\t\t\t\t<\/div>\n\t\t\t\t<\/div>\n\t\t\t\t\t<\/div>\n\t\t<\/div>\n\t\t\t\t\t<\/div>\n\t\t<\/section>\n\t\t\t\t<section class=\"elementor-section elementor-top-section elementor-element elementor-element-302ed59 elementor-section-boxed elementor-section-height-default elementor-section-height-default\" data-id=\"302ed59\" data-element_type=\"section\" data-settings=\"{&quot;background_background&quot;:&quot;classic&quot;}\">\n\t\t\t\t\t\t<div class=\"elementor-container elementor-column-gap-default\">\n\t\t\t\t\t<div class=\"elementor-column elementor-col-100 elementor-top-column elementor-element elementor-element-4edb527\" data-id=\"4edb527\" data-element_type=\"column\">\n\t\t\t<div class=\"elementor-widget-wrap elementor-element-populated\">\n\t\t\t\t\t\t<section class=\"elementor-section elementor-inner-section elementor-element elementor-element-26baa36 elementor-section-boxed elementor-section-height-default elementor-section-height-default\" data-id=\"26baa36\" data-element_type=\"section\">\n\t\t\t\t\t\t<div class=\"elementor-container elementor-column-gap-default\">\n\t\t\t\t\t<div class=\"elementor-column elementor-col-50 elementor-inner-column elementor-element elementor-element-ebe5bb0\" data-id=\"ebe5bb0\" data-element_type=\"column\">\n\t\t\t<div class=\"elementor-widget-wrap elementor-element-populated\">\n\t\t\t\t\t\t<div class=\"elementor-element elementor-element-71eba29 elementor-widget elementor-widget-image\" data-id=\"71eba29\" data-element_type=\"widget\" data-widget_type=\"image.default\">\n\t\t\t\t<div class=\"elementor-widget-container\">\n\t\t\t\t\t\t\t\t\t\t\t\t\t\t\t<img decoding=\"async\" width=\"1024\" height=\"785\" src=\"https:\/\/gybn.quebec\/wp-content\/uploads\/2026\/01\/07e973e7-1e66-474b-b465-1f4d064c421a-1024x785.jpg\" class=\"attachment-large size-large wp-image-443\" alt=\"\" srcset=\"https:\/\/gybn.quebec\/wp-content\/uploads\/2026\/01\/07e973e7-1e66-474b-b465-1f4d064c421a-1024x785.jpg 1024w, https:\/\/gybn.quebec\/wp-content\/uploads\/2026\/01\/07e973e7-1e66-474b-b465-1f4d064c421a-300x230.jpg 300w, https:\/\/gybn.quebec\/wp-content\/uploads\/2026\/01\/07e973e7-1e66-474b-b465-1f4d064c421a-768x588.jpg 768w, https:\/\/gybn.quebec\/wp-content\/uploads\/2026\/01\/07e973e7-1e66-474b-b465-1f4d064c421a-1536x1177.jpg 1536w, https:\/\/gybn.quebec\/wp-content\/uploads\/2026\/01\/07e973e7-1e66-474b-b465-1f4d064c421a.jpg 1600w\" sizes=\"(max-width: 1024px) 100vw, 1024px\" \/>\t\t\t\t\t\t\t\t\t\t\t\t\t\t\t<\/div>\n\t\t\t\t<\/div>\n\t\t\t\t\t<\/div>\n\t\t<\/div>\n\t\t\t\t<div class=\"elementor-column elementor-col-50 elementor-inner-column elementor-element elementor-element-22f5939\" data-id=\"22f5939\" data-element_type=\"column\">\n\t\t\t<div class=\"elementor-widget-wrap elementor-element-populated\">\n\t\t\t\t\t\t<div class=\"elementor-element elementor-element-6c3e7a9c elementor-widget elementor-widget-heading\" data-id=\"6c3e7a9c\" data-element_type=\"widget\" data-widget_type=\"heading.default\">\n\t\t\t\t<div class=\"elementor-widget-container\">\n\t\t\t\t\t<h2 class=\"elementor-heading-title elementor-size-default\">Mission<\/h2>\t\t\t\t<\/div>\n\t\t\t\t<\/div>\n\t\t\t\t<div class=\"elementor-element elementor-element-2cf9398 elementor-widget elementor-widget-text-editor\" data-id=\"2cf9398\" data-element_type=\"widget\" data-widget_type=\"text-editor.default\">\n\t\t\t\t<div class=\"elementor-widget-container\">\n\t\t\t\t\t\t\t\t\t<p><span style=\"font-family: Montserrat, Montserrat, 'Open Sans', sans-serif; font-size: 16px; font-style: normal; font-variant-ligatures: normal; font-variant-caps: normal; font-weight: 400;\">La mission du R\u00e9seau est de sensibiliser la population qu\u00e9b\u00e9coise \u00e0 l\u2019importance de la biodiversit\u00e9, d&rsquo;encourager l&rsquo;engagement des jeunes dans la lutte contre la perte de biodiversit\u00e9 au Qu\u00e9bec, et de mettre de l\u2019avant et soutenir les initiatives jeunesse qu\u00e9b\u00e9coises en mati\u00e8re de pr\u00e9servation de la biodiversit\u00e9 sur les sc\u00e8nes locale, provinciale, nationale et internationale.<\/span><\/p>\t\t\t\t\t\t\t\t<\/div>\n\t\t\t\t<\/div>\n\t\t\t\t\t<\/div>\n\t\t<\/div>\n\t\t\t\t\t<\/div>\n\t\t<\/section>\n\t\t\t\t<div class=\"elementor-element elementor-element-b15d262 elementor-widget-divider--view-line elementor-widget elementor-widget-divider\" data-id=\"b15d262\" data-element_type=\"widget\" data-widget_type=\"divider.default\">\n\t\t\t\t<div class=\"elementor-widget-container\">\n\t\t\t\t\t\t\t<div class=\"elementor-divider\">\n\t\t\t<span class=\"elementor-divider-separator\">\n\t\t\t\t\t\t<\/span>\n\t\t<\/div>\n\t\t\t\t\t\t<\/div>\n\t\t\t\t<\/div>\n\t\t\t\t\t<\/div>\n\t\t<\/div>\n\t\t\t\t\t<\/div>\n\t\t<\/section>\n\t\t\t\t<section class=\"elementor-section elementor-top-section elementor-element elementor-element-7a3ddac elementor-section-boxed elementor-section-height-default elementor-section-height-default\" data-id=\"7a3ddac\" data-element_type=\"section\" data-settings=\"{&quot;background_background&quot;:&quot;classic&quot;}\">\n\t\t\t\t\t\t\t<div class=\"elementor-background-overlay\"><\/div>\n\t\t\t\t\t\t\t<div class=\"elementor-container elementor-column-gap-default\">\n\t\t\t\t\t<div class=\"elementor-column elementor-col-50 elementor-top-column elementor-element elementor-element-b3da9ea\" data-id=\"b3da9ea\" data-element_type=\"column\">\n\t\t\t<div class=\"elementor-widget-wrap elementor-element-populated\">\n\t\t\t\t\t\t<div class=\"elementor-element elementor-element-8eb0fcc elementor-widget elementor-widget-heading\" data-id=\"8eb0fcc\" data-element_type=\"widget\" data-widget_type=\"heading.default\">\n\t\t\t\t<div class=\"elementor-widget-container\">\n\t\t\t\t\t<h2 class=\"elementor-heading-title elementor-size-default\">Vision<\/h2>\t\t\t\t<\/div>\n\t\t\t\t<\/div>\n\t\t\t\t<div class=\"elementor-element elementor-element-5a985a9 elementor-widget elementor-widget-text-editor\" data-id=\"5a985a9\" data-element_type=\"widget\" data-widget_type=\"text-editor.default\">\n\t\t\t\t<div class=\"elementor-widget-container\">\n\t\t\t\t\t\t\t\t\t<p>La vision du R\u00e9seau est un futur o\u00f9 nous vivons en harmonie avec une nature et une biodiversit\u00e9 prot\u00e9g\u00e9es, valoris\u00e9es et int\u00e9gr\u00e9es \u00e0 notre vie courante, o\u00f9 la jeunesse qu\u00e9b\u00e9coise est consult\u00e9e et au c\u0153ur des d\u00e9cisions li\u00e9es aux enjeux environnementaux qui les concernent.<\/p>\t\t\t\t\t\t\t\t<\/div>\n\t\t\t\t<\/div>\n\t\t\t\t\t<\/div>\n\t\t<\/div>\n\t\t\t\t<div class=\"elementor-column elementor-col-50 elementor-top-column elementor-element elementor-element-23c4704\" data-id=\"23c4704\" data-element_type=\"column\">\n\t\t\t<div class=\"elementor-widget-wrap elementor-element-populated\">\n\t\t\t\t\t\t<div class=\"elementor-element elementor-element-8b6b2d7 elementor-widget elementor-widget-image\" data-id=\"8b6b2d7\" data-element_type=\"widget\" data-widget_type=\"image.default\">\n\t\t\t\t<div class=\"elementor-widget-container\">\n\t\t\t\t\t\t\t\t\t\t\t\t\t\t\t<img decoding=\"async\" width=\"1086\" height=\"724\" src=\"https:\/\/gybn.quebec\/wp-content\/uploads\/2026\/01\/5B0344A9-D274-4A3D-8E5C-26B0609AE450_1_105_c.jpeg\" class=\"attachment-full size-full wp-image-442\" alt=\"\" srcset=\"https:\/\/gybn.quebec\/wp-content\/uploads\/2026\/01\/5B0344A9-D274-4A3D-8E5C-26B0609AE450_1_105_c.jpeg 1086w, https:\/\/gybn.quebec\/wp-content\/uploads\/2026\/01\/5B0344A9-D274-4A3D-8E5C-26B0609AE450_1_105_c-300x200.jpeg 300w, https:\/\/gybn.quebec\/wp-content\/uploads\/2026\/01\/5B0344A9-D274-4A3D-8E5C-26B0609AE450_1_105_c-1024x683.jpeg 1024w, https:\/\/gybn.quebec\/wp-content\/uploads\/2026\/01\/5B0344A9-D274-4A3D-8E5C-26B0609AE450_1_105_c-768x512.jpeg 768w\" sizes=\"(max-width: 1086px) 100vw, 1086px\" \/>\t\t\t\t\t\t\t\t\t\t\t\t\t\t\t<\/div>\n\t\t\t\t<\/div>\n\t\t\t\t\t<\/div>\n\t\t<\/div>\n\t\t\t\t\t<\/div>\n\t\t<\/section>\n\t\t\t\t<section class=\"elementor-section elementor-top-section elementor-element elementor-element-1290490 elementor-section-boxed elementor-section-height-default elementor-section-height-default\" data-id=\"1290490\" data-element_type=\"section\" data-settings=\"{&quot;background_background&quot;:&quot;classic&quot;}\">\n\t\t\t\t\t\t<div class=\"elementor-container elementor-column-gap-default\">\n\t\t\t\t\t<div class=\"elementor-column elementor-col-100 elementor-top-column elementor-element elementor-element-5d872fd\" data-id=\"5d872fd\" data-element_type=\"column\">\n\t\t\t<div class=\"elementor-widget-wrap elementor-element-populated\">\n\t\t\t\t\t\t<div class=\"elementor-element elementor-element-649fe41 elementor-widget-divider--view-line elementor-widget elementor-widget-divider\" data-id=\"649fe41\" data-element_type=\"widget\" data-widget_type=\"divider.default\">\n\t\t\t\t<div class=\"elementor-widget-container\">\n\t\t\t\t\t\t\t<div class=\"elementor-divider\">\n\t\t\t<span class=\"elementor-divider-separator\">\n\t\t\t\t\t\t<\/span>\n\t\t<\/div>\n\t\t\t\t\t\t<\/div>\n\t\t\t\t<\/div>\n\t\t\t\t<section class=\"elementor-section elementor-inner-section elementor-element elementor-element-d4477ec elementor-section-boxed elementor-section-height-default elementor-section-height-default\" data-id=\"d4477ec\" data-element_type=\"section\">\n\t\t\t\t\t\t<div class=\"elementor-container elementor-column-gap-default\">\n\t\t\t\t\t<div class=\"elementor-column elementor-col-50 elementor-inner-column elementor-element elementor-element-81e0ba2\" data-id=\"81e0ba2\" data-element_type=\"column\">\n\t\t\t<div class=\"elementor-widget-wrap elementor-element-populated\">\n\t\t\t\t\t\t<div class=\"elementor-element elementor-element-4bc4fc6 elementor-widget elementor-widget-image\" data-id=\"4bc4fc6\" data-element_type=\"widget\" data-widget_type=\"image.default\">\n\t\t\t\t<div class=\"elementor-widget-container\">\n\t\t\t\t\t\t\t\t\t\t\t\t\t\t\t<img loading=\"lazy\" decoding=\"async\" width=\"951\" height=\"1024\" src=\"https:\/\/gybn.quebec\/wp-content\/uploads\/2026\/01\/GYBN-Quebec-Logo-Ball-White-Border-951x1024.png\" class=\"attachment-large size-large wp-image-411\" alt=\"\" srcset=\"https:\/\/gybn.quebec\/wp-content\/uploads\/2026\/01\/GYBN-Quebec-Logo-Ball-White-Border-951x1024.png 951w, https:\/\/gybn.quebec\/wp-content\/uploads\/2026\/01\/GYBN-Quebec-Logo-Ball-White-Border-279x300.png 279w, https:\/\/gybn.quebec\/wp-content\/uploads\/2026\/01\/GYBN-Quebec-Logo-Ball-White-Border-768x827.png 768w, https:\/\/gybn.quebec\/wp-content\/uploads\/2026\/01\/GYBN-Quebec-Logo-Ball-White-Border-1426x1536.png 1426w, https:\/\/gybn.quebec\/wp-content\/uploads\/2026\/01\/GYBN-Quebec-Logo-Ball-White-Border-1901x2048.png 1901w, https:\/\/gybn.quebec\/wp-content\/uploads\/2026\/01\/GYBN-Quebec-Logo-Ball-White-Border.png 1970w\" sizes=\"(max-width: 951px) 100vw, 951px\" \/>\t\t\t\t\t\t\t\t\t\t\t\t\t\t\t<\/div>\n\t\t\t\t<\/div>\n\t\t\t\t\t<\/div>\n\t\t<\/div>\n\t\t\t\t<div class=\"elementor-column elementor-col-50 elementor-inner-column elementor-element elementor-element-90de159\" data-id=\"90de159\" data-element_type=\"column\">\n\t\t\t<div class=\"elementor-widget-wrap elementor-element-populated\">\n\t\t\t\t\t\t<div class=\"elementor-element elementor-element-423fbe0 elementor-widget elementor-widget-heading\" data-id=\"423fbe0\" data-element_type=\"widget\" data-widget_type=\"heading.default\">\n\t\t\t\t<div class=\"elementor-widget-container\">\n\t\t\t\t\t<h2 class=\"elementor-heading-title elementor-size-default\">Valeurs<\/h2>\t\t\t\t<\/div>\n\t\t\t\t<\/div>\n\t\t\t\t<div class=\"elementor-element elementor-element-f51d9fc elementor-widget elementor-widget-text-editor\" data-id=\"f51d9fc\" data-element_type=\"widget\" data-widget_type=\"text-editor.default\">\n\t\t\t\t<div class=\"elementor-widget-container\">\n\t\t\t\t\t\t\t\t\t<p>Les valeurs du R\u00e9seau sont \u00e9nonc\u00e9es ici-bas :\u00a0<\/p><ul><li>Jeunesse engag\u00e9e, mobilis\u00e9e, et pleinement impliqu\u00e9e dans les espaces de prise de<br \/>d\u00e9cision et en collaboration avec d\u2019autres groupes jeunesse de pertinence.<\/li><li>Respect, harmonie et acc\u00e8s \u00e0 la nature.<\/li><li>Inclusion, diversit\u00e9 et intersectionnalit\u00e9.<\/li><li>V\u00e9rit\u00e9, r\u00e9conciliation et priorisation des relations avec les peuples autochtones.<\/li><li>Transparence, acc\u00e8s \u00e0 l&rsquo;information et \u00e9ducation environnementale, o\u00f9 les savoirs<br \/>scientifiques et traditionnels coexistent.<\/li><li>Optimisme environnemental et justice transformative.<\/li><\/ul>\t\t\t\t\t\t\t\t<\/div>\n\t\t\t\t<\/div>\n\t\t\t\t\t<\/div>\n\t\t<\/div>\n\t\t\t\t\t<\/div>\n\t\t<\/section>\n\t\t\t\t\t<\/div>\n\t\t<\/div>\n\t\t\t\t\t<\/div>\n\t\t<\/section>\n\t\t\t\t<\/div>\n\t\t","protected":false},"excerpt":{"rendered":"<p>R\u00e9seau qu\u00e9b\u00e9cois des jeunes pour la biodiversit\u00e9 Reconnaissance territoriale Le R\u00e9seau qu\u00e9b\u00e9cois des jeunes pour la biodiversit\u00e9 reconna\u00eet que ses op\u00e9rations se situent sur les territoires de nombreuses nations autochtones, dont les Premi\u00e8res Nations, les Inuit et les M\u00e9tis, et que ces groupes ont historiquement \u00e9t\u00e9 exclus des espaces de prise de d\u00e9cision du gouvernement, [&hellip;]<\/p>\n","protected":false},"author":3454,"featured_media":401,"parent":0,"menu_order":0,"comment_status":"closed","ping_status":"closed","template":"","meta":{"footnotes":""},"class_list":["post-298","page","type-page","status-publish","has-post-thumbnail","hentry","entry","has-media"],"_links":{"self":[{"href":"https:\/\/gybn.quebec\/accueil\/wp-json\/wp\/v2\/pages\/298","targetHints":{"allow":["GET"]}}],"collection":[{"href":"https:\/\/gybn.quebec\/accueil\/wp-json\/wp\/v2\/pages"}],"about":[{"href":"https:\/\/gybn.quebec\/accueil\/wp-json\/wp\/v2\/types\/page"}],"author":[{"embeddable":true,"href":"https:\/\/gybn.quebec\/accueil\/wp-json\/wp\/v2\/users\/3454"}],"replies":[{"embeddable":true,"href":"https:\/\/gybn.quebec\/accueil\/wp-json\/wp\/v2\/comments?post=298"}],"version-history":[{"count":16,"href":"https:\/\/gybn.quebec\/accueil\/wp-json\/wp\/v2\/pages\/298\/revisions"}],"predecessor-version":[{"id":479,"href":"https:\/\/gybn.quebec\/accueil\/wp-json\/wp\/v2\/pages\/298\/revisions\/479"}],"wp:featuredmedia":[{"embeddable":true,"href":"https:\/\/gybn.quebec\/accueil\/wp-json\/wp\/v2\/media\/401"}],"wp:attachment":[{"href":"https:\/\/gybn.quebec\/accueil\/wp-json\/wp\/v2\/media?parent=298"}],"curies":[{"name":"wp","href":"https:\/\/api.w.org\/{rel}","templated":true}]}}